)?
True
Suppose -11*c = -35*c + 816. Does 4 divide c?
False
Suppose 8*h - 5*h - d = 870, 0 = 5*h - 3*d - 1450. Does 11 divide h?
False
Let g = -349 - -446. Is 79 a factor of g?
False
Let y(n) = -n**3 + 4*n**2 - 4*n + 4. Let w(o) = -o**3 + o**2 - o + 4. Let p be w(0). Let t be y(p). Is (9/(-4))/(1/t) a multiple of 9?
True
Suppose -4*d + 5*d + b + 10 = 0, 0 = d - 5*b + 10. Let q(x) = -2*x + 19. Does 7 divide q(d)?
False
Let b be 7/21 - (-1)/(-3). Let t be (b/5 + 3)*-11. Let s = t + 60. Is s a multiple of 9?
True
Let g(a) = -12*a**3 + a**2 - a. Suppose -4*n + 3*n - 1 = 0. Is 3 a factor of g(n)?
False
Let p be (-19 + -3)*7*3/(-6). Let c(n) = n**2 + 6. Let v be c(0). Let m = p + v. Is m a multiple of 12?
False
Suppose -4*a + 2 = -10. Suppose 0 = -3*d + 39 - a. Suppose 0 = d*b - 17*b + 210. Is 22 a factor of b?
False
Let t(g) = -140*g - 95. Is 28 a factor of t(-4)?
False
Let p be 62 + (-3 + 4)*3. Suppose 4*i - 5*i + p = 0. Is 5 a factor of i?
True
Suppose 2675 = 5*t + 185. Is t a multiple of 31?
False
Let l(j) = -72*j**3 - 1. Let i be (-39)/(-12) + (-2)/8. Suppose 3*c - i*u = 12, -3*c = 2*u + 3*u + 28. Is l(c) a multiple of 14?
False
Suppose 0 = 3*q - 2*r - 3*r - 166, -q + 74 = 3*r. Let c = q - 34. Is c a multiple of 14?
True
Does 32 divide (-132)/(-1) + ((-64)/(-2))/(-8)?
True
Is -6*(-1600)/45*(-9)/(-6) a multiple of 64?
True
Suppose -6*w - 754 - 668 = 0. Let h = -90 - w. Is h a multiple of 13?
False
Let r(l) = -5*l. Suppose -5*n + m - 13 = 3*m, 4*n = 2*m + 4. Let h be r(n). Suppose -h*s + 95 - 15 = 0. Is s a multiple of 3?
False
Let y(j) = 11*j**2 - 3*j - 6. Is y(5) a multiple of 69?
False
Let p = -9 - 9. Does 5 divide (154/66)/((-1)/p)?
False
Let o be ((-3)/6)/((-2)/40). Suppose 0 = 3*w - 2*w - 4*r - 19, 4*w = 2*r + 62. Let b = w - o. Is b a multiple of 2?
False
Suppose 3*a - 753 = -51. Suppose -x + 901 = 4*v, -x - x + a = v. Is 14 a factor of v?
True
Let y(i) = -i - 8. Let c(w) = w**3 + 4*w**2 - 4*w - 3. Let v be c(-5). Let t be y(v). Is 17 a factor of (0 - -51) + t/(-2)?
True
Let j = -4 - 7. Let u = 4 + j. Is 38/(-3)*(4 + u) a multiple of 11?
False
Let r = 3678 - 2298. Is r a multiple of 60?
True
Let v(b) = 7*b - 24. Let t(p) = 13*p - 48. Let z(o) = -4*t(o) + 7*v(o). Is 13 a factor of z(-11)?
False
Suppose 8*w = 1941 + 1363. Does 34 divide w?
False
Let d be (-1)/(-4) - 2/8. Suppose 4*i + d*f + 2 = f, -2 = f. Does 3 divide (8 + -1)*(i - -2)?
False
Suppose -13*l - 6374 = -2513. Let x = -166 - l. Is x a multiple of 20?
False
Let c be (7 - 4)/((-3)/(-2)). Suppose 3*o = -4*v + 195, -4*v - o + 95 = -c*v. Suppose -4*n + v = -111. Is n a multiple of 9?
False
Suppose -16*r - 7*r = -5819. Is r a multiple of 41?
False
Suppose 90 = -6*g + g. Does 14 divide (g/8)/((-1)/24)?
False
Suppose 4*y - 5*d = 1077, 20 = -15*d + 11*d. Is y a multiple of 15?
False
Suppose 0 = 12*w - 6926 - 1906. Is 29 a factor of w?
False
Suppose 4*a - 25 = -a. Suppose a*y + 18 = -2*u, 4*y - 50 = u + 2*u. Let k(h) = -h**3 - 14*h**2 - 4*h - 2. Is 9 a factor of k(u)?
True
Is 6/18 - 1403*1/(-3) a multiple of 12?
True
Suppose 0 = -5*s + 10, 8*s - 182 = -4*v + 7*s. Suppose -41*l - 340 = -v*l. Is l a multiple of 45?
False
Let g(q) = -q**3 - 4*q + 192. Is g(0) a multiple of 8?
True
Let v = 4 + -17. Let p = v + 1. Let z(i) = i**2 + 11*i - 1. Does 4 divide z(p)?
False
Suppose 0 = 21*v - 25*v - 24. Is v/(-18) - 314/(-3) a multiple of 24?
False
Let i be 3*(-64)/3*-22. Suppose 0 = -3*y + i + 803. Does 17 divide (-1)/2 - y/(-22)?
False
Let q = 28 + 259. Is 64 a factor of q?
False
Let y(u) = -512*u - 87. Does 26 divide y(-4)?
False
Let l be (-7 + 12)*(1 - 21/15). Is ((-12)/18)/(201/(-99) - l) a multiple of 17?
False
Is (-3)/(-24) - 30562/(-112) a multiple of 13?
True
Let r(p) = -2*p - 5. Let w be r(-4). Suppose -w*f - f = -h + 20, 3*h + 18 = -f. Let v = f - -20. Does 14 divide v?
True
Suppose -2*d = -4*d + 10. Suppose -c + 0*b + 148 = -d*b, 2*b = 6. Suppose 0 = u + 2*p - 49, -u + 2*p = 2*u - c. Does 11 divide u?
False
Let u(t) = -8*t - 4 - 3*t**2 + t**3 + 3*t + 0*t**2 - 6. Is 12 a factor of u(5)?
False
Let g(f) = 37*f - 108. Does 19 divide g(13)?
False
Let a(r) = -r**3 + 6*r**2 + r + 24. Is 6 a factor of a(6)?
True
Let d = 3655 - 2069. Is d a multiple of 26?
True
Let l(w) = w**2 - 21*w + 3. Let k be l(21). Suppose -114 = -2*s - 3*y, y + 248 = 4*s - k*y. Is s a multiple of 11?
False
Let m be (4/(-2) - -3)*(9 + 1). Is 23 a factor of (m/20)/((1 + 1)/592)?
False
Let o be 20/6*(-1116)/(-15). Suppose -i + 0*l + 3*l = -o, 2*i - 494 = 4*l. Is 29 a factor of i?
False
Suppose -26992 = -5*v - 4*w, -19 = -4*w - 27. Is v a multiple of 25?
True
Let w(q) = q**2 - 8*q - 9. Suppose n = -3*h - 20, 3 - 27 = h - 4*n. Let p be w(h). Suppose -4*s - 27 = -p. Is 7 a factor of s?
False
Let c(o) = 4*o + o + 5 - 4*o + 3*o**2 + 2*o. Is c(3) a multiple of 11?
False
Suppose -45 = 18*l - 13*l. Let c(h) = -2*h - 14. Is c(l) a multiple of 2?
True
Let q(s) = -s**3 + 1. Let z(i) = 2*i**2 + 2*i + 2. Let p(d) = 2*q(d) - 2*z(d). Is p(-2) a multiple of 2?
True
Let u(w) = 2*w**3 - 8*w**2 + 3*w + 9. Let l be u(6). Suppose 0 = -7*j + 899 - l. Does 41 divide j?
False
Let b = 2950 + -1281. Is b a multiple of 77?
False
Suppose -8*u = -11*u + 3, 0 = -2*j + 3*u + 3543. Does 125 divide j?
False
Suppose -2*w = 2 + 2. Let k be 26 + -1 + (2 - w). Suppose -d = -k - 55. Does 28 divide d?
True
Let f = -2484 - -3408. Is f a multiple of 33?
True
Let t(a) = 12*a + 94. Is t(5) a multiple of 22?
True
Let j(m) = m**2 + 6*m - 1. Suppose 6*l + 6 = 8*l. Suppose -l*v = -2*v + 8. Does 15 divide j(v)?
True
Suppose 5*v = -12 + 27. Let s be 5 - 0*v/15. Suppose 5*h = 3*z - 4*z + 72, s*z - 4*h = 360. Is z a multiple of 9?
True
Let t = -192 + 73. Let f = t + 142. Is 23 a factor of f?
True
Let u = 867 + -657. Is 42 a factor of u?
True
Suppose -n - 2 - 8 = 3*t, 0 = 5*t + 20. Let v(z) = -3*z + 5*z**2 + 3*z + 2*z**n. Does 33 divide v(4)?
False
Let d(o) = -11*o**3 + 2*o**2 - o - 2. Let c be d(3). Let i = 499 + c. Is i a multiple of 44?
False
Let c(l) = 42*l + 17. Let a be c(14). Suppose -5*f + 3*g - 8*g + a = 0, -2*f = -g - 233. Does 40 divide f?
False
Let m(f) = f**3 + 2*f**2 - 2*f - 3. Suppose -4*u + 4*p - 28 = 0, -4*u - 6 - 17 = -3*p. Let s be m(u). Is (s - -1)/(2/4) a multiple of 3?
False
Suppose 2079 = 10*h - 6631. Is 17 a factor of h?
False
Let u = 8 + -3. Suppose 3*o = -0*o + 216. Suppose n + o = u*n. Is n a multiple of 9?
True
Let b(l) = -l**3 + 6*l**2 - 2*l - 4. Let s be b(5). Suppose -s = -r - 3. Let j(f) = 3*f + 2. Is 10 a factor of j(r)?
False
Suppose y - 2180 = -3*k, y - 2 + 0 = 0. Does 42 divide k?
False
Let l(g) = 64 - 23 - 29 + 4*g**3 - 6*g. Is l(3) a multiple of 16?
False
Let f = -10 - -12. Let i be f/(-4) + 21/(-6). Is (470/15)/(i/(-6)) a multiple of 21?
False
Let i(p) = p - 1. Let r(z) = -112*z**2 + 3*z - 5. Let y(t) = 4*i(t) - r(t). Is 16 a factor of y(-1)?
True
Let s(p) = p + 21. Let d be s(-16). Suppose -2*r = d*r - 336. Is 12 a factor of r?
True
Let l = 2260 + -160. Is 21 a factor of l?
True
Let t(k) be the first derivative of 27*k**2/2 + 6*k + 14. Does 9 divide t(3)?
False
Let u(m) = 12*m - 7 - m - 9 + m**2 + 3*m. Is 7 a factor of u(-16)?
False
Suppose -14 = -3*v - k, 5*k = -2*v + 4*k + 10. Suppose 0 = -v*c + 23 - 67. Let o = c + 38. Is o a multiple of 9?
True
Is (9 - (-438)/(-18))*(-1 + -38) a multiple of 23?
True
Let s(x) = -x - 1. Let w be s(-4). Suppose -2*u - j - w*j = -12, 4*j - 44 = -4*u. Let i = u - -7. Is 6 a factor of i?
False
Let u(v) = 8*v**3 + 4*v**2 + 4*v + 2. Let t be u(-1). Does 5 divide (-50)/(-3)*(-9)/t*1?
True
Suppose -5*m - 1 = -3*t - 22, 15 = -2*t + 3*m. Let p(n) be the first derivative of n**4/4 + 11*n**3/3 - 15*n**2/2 - 15*n + 23. Does 8 divide p(t)?
False
Suppose 16 = 5*c - 14. Suppose -y = q - c, -2*y - 2*y = q - 21. Is (21/(-6))/(q/(-2)) a multiple of 7?
True
Let c(x) = -x - 7. Let h be c(-10). Suppose 0 = -h*v - 3*r - 5 + 17, 8 = v + 3*r. Suppose -5*f - 19 = -2*a + 21, 2*a = v*f + 34. Is a a multiple of 8?
False
Suppose 5021 = 2*f - 4*i + 1925, -3*i = 0. Is f a multiple of 86?
True
Suppose 0 = 5*h - 186 - 569. Let i = 228 - h. Suppose -2*r - 63 = -5*j + 286, -4*r = -j + i. Is j a multiple of 14?
False
Does 22 divide (1287/156)/(-6*(-3)/48)?
True
Suppose -7 = -5*x + x - 3*t, 0 = 4*x + t - 13. Let c(d) = x + 1 + 14*d - 6